
False
Is 17600061803 a prime number?
False
Is 14506419451 composite?
True
Is 2390976403 prime?
True
Is 547557355 composite?
True
Is 125310907 composite?
False
Is 31490472215 a prime number?
False
Is 3416511071 a composite number?
False
Is 6718572139 a prime number?
False
Is 33692972063 a prime number?
False
Is 1879429841 prime?
False
Is 12002400251 a prime number?
True
Is 53305502797 composite?
False
Is 112717144109 a composite number?
False
Is 44432488403 composite?
True
Is 26476331857 prime?
True
Is 36116693 prime?
False
Is 477310693 composite?
True
Is 1365859367 a prime number?
True
Is 2510210987 composite?
False
Is 1586714813 prime?
True
Is 802377239 prime?
False
Is 71868678853 a prime number?
True
Is 19762637 a composite number?
True
Is 3113196937 prime?
False
Is 24166012571 composite?
False
Is 4158851173 composite?
False
Is 594599981 a composite number?
False
Is 308913811 prime?
True
Is 2570857657 composite?
True
Is 11574127111 a prime number?
False
Is 592255753 prime?
False
Is 56338720189 a prime number?
True
Is 6478130413 prime?
True
Is 1283907103 a prime number?
True
Is 1351140599 composite?
False
Is 11158800173 prime?
False
Is 2172188087 composite?
False
Is 57372181 a prime number?
True
Is 360207542 composite?
True
Is 5619575669 prime?
False
Is 24778132727 a composite number?
False
Is 69206681623 composite?
False
Is 10434780403 a composite number?
True
Is 10143921323 a prime number?
False
Is 1912507679 a composite number?
True
Is 15867249257 a composite number?
True
Is 63102349829 composite?
False
Is 195693983 prime?
True
Is 190314518351 composite?
False
Is 161672933 a prime number?
True
Is 1631540761 a composite number?
False
Is 43911529 a composite number?
True
Is 89356771279 a composite number?
False
Is 8852931107 composite?
True
Is 435108407 a prime number?
True
Is 15771663373 a composite number?
True
Is 27540395269 a composite number?
False
Is 2787135511 a prime number?
True
Is 31491045403 composite?
False
Is 623997863 composite?
True
Is 4952799883 a composite number?
True
Is 10477069781 composite?
True
Is 60978435043 a composite number?
False
Is 29134827959 a prime number?
True
Is 1431119645 prime?
False
Is 163448952517 composite?
False
Is 1590499531 prime?
True
Is 12916180807 prime?
False
Is 18470661263 a prime number?
True
Is 542247179 prime?
False
Is 13849824715 prime?
False
Is 77598497 composite?
True
Is 1568918959 a prime number?
False
Is 77107020073 a composite number?
False
Is 42989026189 a composite number?
True
Is 71874643 composite?
False
Is 1122742997 a composite number?
True
Is 2784918947 a prime number?
False
Is 288766537 prime?
False
Is 2729436299 prime?
True
Is 3088772927 composite?
True
Is 244373017457 a composite number?
False
Is 4208802443 prime?
True
Is 1639748639 prime?
False
Is 26376431 a prime number?
False
Is 312201121 prime?
True
Is 1541297881 a composite number?
False
Is 1622393417 a prime number?
False
Is 20909071123 prime?
True
Is 15435344541 prime?
False
Is 967462687 a composite number?
False
Is 37141451887 composite?
False
Is 1206553769 a prime number?
False
Is 448523237 a composite number?
False
Is 2376733477 a composite number?
False
Is 6233469887 prime?
True
Is 25615345531 a composite number?
True
Is 8443639783 a prime number?
True
Is 41835460549 a prime number?
True
Is 1616070107 composite?
True
Is 963906821 composite?
False
Is 4305285703 a prime number?
False
Is 9489618029 prime?
True
Is 452017039541 a prime number?
False
Is 10220864783 prime?
True
Is 141411099991 composite?
True
Is 394912243897 prime?
True
Is 1419912049 composite?
False
Is 1629873031 a prime number?
False
Is 2482709899 a composite number?
True
Is 23590546739 composite?
True
Is 28639727 a prime number?
False
Is 9245281967 a prime number?
True
Is 952894127 a composite number?
True
Is 247906303 composite?
False
Is 528385241 a prime number?
True
Is 1513908751 a composite number?
True
Is 873785819 composite?
True
Is 87227281 composite?
False
Is 14837736149 composite?
True
Is 1487554489 a composite number?
True
Is 1414172257 a prime number?
True
Is 19108124018 composite?
True
Is 413531669 composite?
False
Is 3131748163 composite?
False
Is 1853002783 a prime number?
True
Is 337888049 a composite number?
False
Is 368271355 prime?
False
Is 128043469 composite?
False
Is 32733373417 prime?
False
Is 51167313853 composite?
False
Is 6299682611 a prime number?
True
Is 2355155207 prime?
True
Is 419449333 a composite number?
True
Is 18509591731 prime?
True
Is 4810597931 prime?
True
Is 21971897341 a composite number?
False
Is 898520477 prime?
False
Is 2625306463 prime?
False
Is 648781647 a composite number?
True
Is 732024263 a composite number?
False
Is 654377453 a composite number?
False
Is 106480991723 a prime number?
False
Is 50517151 a composite number?
True
Is 4502280817 prime?
True
Is 2368084447 a composite number?
True
Is 2958432553 a composite number?
False
Is 1743572067 composite?
True
Is 6830214247 a prime number?
True
Is 246696755 prime?
False
Is 1064153749 composite?
False
Is 96953477 prime?
True
Is 3358095991 composite?
False
Is 4042971091 composite?
True
Is 3127464671 a composite number?
False
Is 17006317297 a composite number?
False
Is 1636399967 a composite number?
False
Is 2844923261 composite?
False
Is 5806273159 a composite number?
False
Is 8081634523 composite?
True
Is 3925776709 composite?
False
Is 5174367671 a composite number?
True
Is 61013343 composite?
True
Is 6209971847 a prime number?
True
Is 213325430983 prime?
False
Is 4128322097 a composite number?
False
Is 83767471 composite?
False
Is 4431193265 composite?
True
Is 75594292849 a prime number?
True
Is 19960073791 a prime number?
False
Is 419951307 prime?
False
Is 2279289143 prime?
False
Is 7158244481 a composite number?
False
Is 2659786741 a composite number?
False
Is 32029597 composite?
False
Is 9191991539 a prime number?
False
Is 140038781 composite?
False
Is 1718955193 a prime number?
False
Is 1928294543 prime?
False
Is 356655809 prime?
False
Is 46040989 composite?
False
Is 5141187203 a prime number?
False
Is 1739230715 a prime number?
False
Is 279324715 a prime number?
False
Is 56295859 composite?
False
Is 23461100431 a composite number?
False
Is 7204215887 a composite number?
True
Is 4866665579 composite?
False
Is 2879891267 a prime number?
False
Is 2689981529 a prime number?
True
Is 28124306671 prime?
True
Is 3984567371 prime?
True
Is 27109857979 prime?
True
Is 440570719 prime?
False
Is 1557911387 composite?
False
Is 31287533659 composite?
True
Is 1052377457 a composite number?
False
Is 791993 composite?
False
Is 1878840241 composite?
False
Is 543930389 a composite number?
True
Is 1520672159 a composite number?
True
Is 8218376134 prime?
False
Is 34368229 a prime number?
False
Is 1631132063 a prime number?
False
Is 4809634421 a prime number?
True
Is 828351673 prime?
False
Is 29072920907 a prime number?
True
Is 48285318827 composite?
False
Is 37389459901 a composite number?
True
Is 116602138 a prime number?
False
Is 2527202383 a composite number?
False
Is 2299254623 composite?
False
Is 940712047 a prime number?
False
Is 881668363 prime?
True
Is 22266894794 composite?
True
Is 868211243 prime?
False
Is 7821348221 prime?
False
Is 203062267831 a composite number?
False
Is 49991609 a prime number?
True
Is 45783567499 prime?
True
Is 231483667 prime?
False
Is 728029273 a prime number?
False
Is 48654116879 a composite number?
False
Is 978240811 composite?
True
Is 351734167 prime?
True
Is 1742818459 composite?
False
Is 25761500389 prime?
False
Is 42439603 composite?
True
Is 15634637 a prime number?
False
Is 93261555589 a composite number?
True
Is 9944653307 a prime number?
True
Is 21060456719 a prime number?
True
Is 3088173287 composite?
False
Is 3288762083 a prime number?
True
Is 26507232883 prime?
False
Is 7892492171 composite?
False
Is 28307680663 a composite number?
False
Is 2104097863 a prime number?
False
Is 9362822143 prime?
False
Is 7757298634 a composite number?
True
Is 4965132901 a prime number?
False
Is 5201711851 a composite number?
True
Is 7283268049 prime?
True
Is 25175608949 a composite number?
False
Is 1372364531 prime?
False
Is 107669197 a prime number?
True
Is 9946946803 prime?
True
Is 3658593901 prime?
False
Is 67144054319 a prime number?
True
Is